at is the remainder when z is divided by u?
2
Suppose -7*m = -509 - 261. What is the remainder when m is divided by 35?
5
Let x = -35 + 263. Suppose -790 = -5*n + 2*c, -4*c - x = -3*n + 246. What is the remainder when n is divided by 40?
38
Suppose -4*p = -5*o - 0*p - 844, -o = -4*p + 172. Let z = -112 - o. Suppose 6*j = 2*j + 76. Calculate the remainder when z is divided by j.
18
Suppose -76 = -z + u, 0 = -u - 0 + 3. What is the remainder when z is divided by 20?
19
Suppose y = 3*g - 3*y - 48, -24 = -3*g - 4*y. Calculate the remainder when 14 is divided by g.
2
Suppose -2*s - 5*k = 2, 2 = -k - 0*k. Suppose -11 = -5*y + s*y. What is the remainder when (-8 - -53)/(-1 + (-15)/(-6)) is divided by y?
8
Suppose 0 = -30*g + 28*g. Suppose 6*d - 59 - 49 = g. Calculate the remainder when d is divided by 14.
4
Let m(q) = 2*q**2 - 83*q - 24. What is the remainder when 897 is divided by m(42)?
15
Suppose -z - 20*s + 66 = -24*s, 78 = z + 2*s. Calculate the remainder when 247 is divided by z.
25
What is the remainder when -4 - (-190)/45 - (-1348)/9 is divided by 19?
17
Let t(r) be the first derivative of -5*r**2/2 + 22*r + 44. What is the remainder when 36 is divided by t(2)?
0
Suppose -18 + 483 = 15*z. Suppose 4*q - 4 = 12. Suppose 3*s = -q*o - s + 240, 0 = s - 1. What is the remainder when o is divided by z?
28
Let f(v) = -46*v**3 - v**2 - 2*v + 1. Calculate the remainder when f(-1) is divided by 19.
10
Suppose 5*w - 12*l - 5 = -7*l, -w = 2*l + 8. Calculate the remainder when (39/(-26))/(w/(-2 + 54)) is divided by 11.
6
Calculate the remainder when 35 is divided by 197/9 + 1/9.
13
Let b be 0 - (0 + 0 + -4). Let n be (-6)/b*(-24)/18. Suppose -5*c = -n*x - 305, -x = -3*c + 4*x + 183. Calculate the remainder when c is divided by 32.
29
Let m(q) = q**2 + 22*q + 188. What is the remainder when m(-17) is divided by 51?
1
Suppose y + 5*s - 11 = -46, -123 = 4*y + 3*s. Let z = y + 116. Calculate the remainder when z is divided by 30.
26
Let v be 30/(-4)*10/(-15). Suppose 2*p + 417 = v*p. Suppose -4*c = -p - 45. Calculate the remainder when c is divided by 24.
22
Let c = 1238 - 1197. Calculate the remainder when 264 is divided by c.
18
Let t(d) = -29*d + 15. Suppose -2*b + 10 = -3*l, -4*b = b + 5*l + 25. What is the remainder when t(b) is divided by 16?
12
Let n(p) = -7*p - 9. Let l be (0 + (-1 - 4/8))*2. What is the remainder when n(l) is divided by 8?
4
Suppose 6 = s - 2*n, -4*s + 0*s - 5*n + 11 = 0. Calculate the remainder when 30 is divided by (-22)/(-66) - s/6*-13.
3
Suppose -6*z = 3*z. Suppose -g = 3*t - 0*g - 28, z = -5*t - 3*g + 48. What is the remainder when t is divided by 8?
1
Let t(a) = -a + 14. What is the remainder when -1 + 0 + 59 + -4 is divided by t(3)?
10
Suppose -4*j - 25 - 171 = 0. Let r = -34 - j. What is the remainder when r is divided by 5?
0
Suppose -2*x + 2*b + 81 = -11, 3*x + 5*b - 154 = 0. Suppose 9*l - 8*l - x = 0. Let q(n) = 2*n**2 - n + 2. Calculate the remainder when l is divided by q(3).
14
Let o(b) = 2*b + 8. What is the remainder when o(9) is divided by 9 - (-10 + 16 + -11)?
12
Suppose 30 = 2*n + 24. Suppose 21 = 2*y + 11. Suppose -2 = -y*l + 18. Calculate the remainder when l is divided by n.
1
Suppose 2*b = 5*b - 525. Suppose 5*a = -0*a - b. Let w = a + 84. What is the remainder when w is divided by 13?
10
Let q = 691 + -655. Calculate the remainder when 90 is divided by q.
18
Let s = 9 + -13. Let j be (-4 - 12/s) + -1. What is the remainder when (j/(-2))/(15/750) is divided by 13?
11
Suppose -3*v + 11 = 2*q - 127, -3*q = 5*v - 230. Let a = -26 + 52. Calculate the remainder when v is divided by a.
20
Suppose 38 = 5*w - 6*d + 7*d, 2*w - 5*d = -1. Calculate the remainder when 1*10 + 0 + -1 is divided by w.
2
Suppose 0 = -5*l - 15 + 105. Suppose 5*f = -20, 3*f + f + 20 = 2*p. Suppose 5*i - p = 33. What is the remainder when l is divided by i?
4
Calculate the remainder when 322 is divided by (12/(-36))/(265/(-66) - -4).
14
Let q = 78 - -51. What is the remainder when q is divided by 29?
13
Calculate the remainder when 11*13*(-29 - -30) is divided by 41.
20
Suppose 3*p = -2*p + 50. Suppose -d = 4*d - p. Suppose d*f + 6 = 24. Calculate the remainder when 25 is divided by f.
7
What is the remainder when 2431/26 + 1/(-2) is divided by (-1824)/(-38)*(-4)/(-6)?
29
Suppose f + 4*f = 15. What is the remainder when 24 is divided by f/2*(6 - 0)?
6
Let d = 28 - 121. Let l = d + 122. What is the remainder when l is divided by 2?
1
Let p(q) = q**2 - 6*q + 5. Let j be p(6). Let b = 4 + -2. Suppose 5*f = -s + 9, -b*s + 2*f + j + 1 = 0. What is the remainder when 10 is divided by s?
2
Suppose -5*n + 36 = -n. Let d(c) = -c - 14. Let j be d(-6). What is the remainder when j*4/((-4)/2) is divided by n?
7
Let v(c) = -14*c - 6. Let u be v(-5). Suppose 3*l - l + 5*t - 6 = 0, -4*l = -3*t - u. What is the remainder when l is divided by 8/(-20) - 22/(-5)?
1
Suppose 0 = 5*v - 2*v - 45. Suppose 183 = 5*u - 112. What is the remainder when u is divided by v?
14
Suppose 2*b - 100 = -3*b. Suppose 0 = -92*a + 77*a + 1485. Calculate the remainder when a is divided by b.
19
Suppose 0 = 8*l - 329 - 735. What is the remainder when l is divided by 24?
13
Let l be (-4 + 4)/1 - 0. Suppose -3*i = -l*i - 9. Calculate the remainder when 60 is divided by 32 - (i - 2/1).
29
Let l be 8 - ((1 - 4) + 6). Calculate the remainder when 49 is divided by 0 + 14 + -2 + l.
15
Let n = -524 - -929. Suppose v = 10*v - n. What is the remainder when v is divided by 16?
13
Let b(x) = 7*x + 5. Suppose -94*f - 113*f + 4872 = 141*f. Calculate the remainder when b(5) is divided by f.
12
Let o(a) = a - 23. Let d(i) = -i + 22. Let x(n) = 4*d(n) + 3*o(n). Suppose 5*p + s + 58 = 193, 3*s + 135 = 5*p. What is the remainder when p is divided by x(8)?
5
What is the remainder when 229 is divided by 6 - -86 - (11 + -18)?
31
Let c(v) = 21*v**2 + 2*v + 1. Let m be 90/(-4) - 21/14. Let y be (-7)/8 + 3/m. What is the remainder when 79 is divided by c(y)?
19
Let x(w) = w**2 - 7*w + 8. Let q be x(6). Suppose -v = v - q*d, -6 = -5*v + 2*d. Suppose 66 = -g + v*g. What is the remainder when g is divided by 17?
15
Suppose -4*m - 3*u = -21, m - 37 = -2*m + 2*u. Let t(s) = -11*s**2 + 5*s + 5. Let v be t(-2). Let n = -25 - v. What is the remainder when n is divided by m?
6
Let a = 115 - 57. Calculate the remainder when 172 is divided by a.
56
Suppose -5*u - 5*n = 35, 0 = -u - u - 3*n - 16. Let h = u + 13. Let w = 29 - h. What is the remainder when 60 is divided by w?
18
Let x(r) = -10*r + 4. Let n(g) = -g**3 + 14*g**2 - g + 33. Calculate the remainder when x(-3) is divided by n(14).
15
Let l(u) = -u**2 - 2*u + 5. Let b be l(-4). Let h(k) = -5*k - 2. What is the remainder when h(b) is divided by 8?
5
Let r(l) = -l**2 + 4*l + 17. Suppose 0 = 4*a - 11 - 9. Suppose -2*b + 6*b = 2*i - 32, -3*i - 5*b = -81. What is the remainder when i is divided by r(a)?
10
Let d(x) = x**2 - 4. Let b be (-4)/(-4)*-62 + 2. Let h be (72/b)/(2/(-5)). What is the remainder when 5 is divided by d(h)?
0
Let w(k) = 30*k + 43. Let b be w(17). Let g = b + -391. Calculate the remainder when g is divided by 33.
30
Let j = -22 - -39. Let y = 16 + j. What is the remainder when y is divided by 17?
16
Suppose 0 = 50*o - 6*o - 20680. Calculate the remainder when o is divided by 8.
6
Let v(l) = 62*l**2 - 5*l - 4. Calculate the remainder when v(-1) is divided by 33.
30
Suppose -4*j + 36 = -4*c + 12, -3*j - 5*c = -34. Calculate the remainder when 29 is divided by j.
5
Let o(j) = j**3 + 11*j**2 + 9*j + 5. Let i be 22/(-2) - (-1 - 0). Let v be o(i). Suppose -n + 2 = -v. What is the remainder when n is divided by 5?
2
Let q be 2*18*(-2)/(-4). Let o be 1/6 - (-15)/q. What is the remainder when o + 0 + -3 + 68 is divided by 17?
15
Suppose -177 = -4*s - 5*b, 4*s - 124 = s - 2*b. Suppose 104 = 4*c - 2*m, -3*c + 0*m + 64 = 2*m. Calculate the remainder when s is divided by c.
14
Suppose -1323*s - 4522 = -1330*s. Calculate the remainder when s is divided by 22.
8
Let h = 118 - 97. Calculate the remainder when 124 is divided by h.
19
Let k = -306 - -49. Let q be (k/4)/(2/(-8)). Suppose -2*v - 5*w + q = -0*w, 5*v - 633 = -3*w. What is the remainder when v is divided by 32?
30
Let c(v) = 6*v - 56. Let j be c(17). Suppose -j = -u - 5*m, -5*u = 3*m - 4*m - 152. What i